{"id":7375,"date":"2017-10-05T20:23:38","date_gmt":"2017-10-05T20:23:38","guid":{"rendered":"http:\/\/nlaad.org\/es\/event\/adelante-5k-1mile-walk-run\/"},"modified":"2017-10-05T20:25:42","modified_gmt":"2017-10-05T20:25:42","slug":"adelante-5k-1mile-walk-run","status":"publish","type":"tribe_events","link":"https:\/\/nlaad.org\/es\/event\/adelante-5k-1mile-walk-run\/","title":{"rendered":"Adelante! 5K-1Mile Walk-Run &#8211; Harlingen, TX"},"content":{"rendered":"<style type=\"text\/css\"><\/style><p>Caminata\/Marat\u00f3n de 5K &#8211; 1 Milla a beneficio de Valley AIDS Council y en honor del D\u00eda Nacional Latino para la Concientizaci\u00f3n del SIDA. Cada milla corrida signifca dinero colectado para ayudar a prevenir la infecci\u00f3n de VIH en el Rio Grande Valley. Para mayor informaci\u00f3n llamar al (956) 466-8487. Registraci\u00f3n en linea en valleyaids.org. Registraci\u00f3n en persona en Footworks.<\/p>\n","protected":false},"excerpt":{"rendered":"<p>Caminata\/Marat\u00f3n de 5K &#8211; 1 Milla a beneficio de Valley AIDS Council y en honor del D\u00eda Nacional Latino para la Concientizaci\u00f3n del SIDA. Cada milla corrida signifca dinero colectado&#8230;<\/p>\n","protected":false},"author":1,"featured_media":7367,"template":"","meta":{"_tribe_events_status":"","_tribe_events_status_reason":"","footnotes":""},"tags":[],"tribe_events_cat":[99],"class_list":["post-7375","tribe_events","type-tribe_events","status-publish","has-post-thumbnail","hentry","tribe_events_cat-hiv-awareness-es","cat_hiv-awareness-es"],"yoast_head":"<!-- This site is optimized with the Yoast SEO plugin v27.3 - https:\/\/yoast.com\/product\/yoast-seo-wordpress\/ -->\n<title>Adelante! 5K-1Mile Walk-Run - Harlingen, TX - nlaad.org<\/title>\n<meta name=\"robots\" content=\"index, follow, max-snippet:-1, max-image-preview:large, max-video-preview:-1\" \/>\n<link rel=\"canonical\" href=\"https:\/\/nlaad.org\/event\/adelante-5k-1mile-walk-run\/\" \/>\n<meta property=\"og:locale\" content=\"es_ES\" \/>\n<meta property=\"og:type\" content=\"article\" \/>\n<meta property=\"og:title\" content=\"Adelante! 5K-1Mile Walk-Run - Harlingen, TX - nlaad.org\" \/>\n<meta property=\"og:description\" content=\"Caminata\/Marat\u00f3n de 5K &#8211; 1 Milla a beneficio de Valley AIDS Council y en honor del D\u00eda Nacional Latino para la Concientizaci\u00f3n del SIDA. Cada milla corrida signifca dinero colectado...\" \/>\n<meta property=\"og:url\" content=\"https:\/\/nlaad.org\/event\/adelante-5k-1mile-walk-run\/\" \/>\n<meta property=\"og:site_name\" content=\"nlaad.org\" \/>\n<meta property=\"article:publisher\" content=\"https:\/\/www.facebook.com\/LatinoCommissionOnAids\/\" \/>\n<meta property=\"article:modified_time\" content=\"2017-10-05T20:25:42+00:00\" \/>\n<meta property=\"og:image\" content=\"https:\/\/nlaad.org\/wp-content\/uploads\/2017\/10\/event-adelante-harlingen-2017.jpg\" \/>\n\t<meta property=\"og:image:width\" content=\"580\" \/>\n\t<meta property=\"og:image:height\" content=\"420\" \/>\n\t<meta property=\"og:image:type\" content=\"image\/jpeg\" \/>\n<meta name=\"twitter:card\" content=\"summary_large_image\" \/>\n<meta name=\"twitter:site\" content=\"@latinocommaids\" \/>\n<script type=\"application\/ld+json\" class=\"yoast-schema-graph\">{\"@context\":\"https:\\\/\\\/schema.org\",\"@graph\":[{\"@type\":\"WebPage\",\"@id\":\"https:\\\/\\\/nlaad.org\\\/event\\\/adelante-5k-1mile-walk-run\\\/\",\"url\":\"https:\\\/\\\/nlaad.org\\\/event\\\/adelante-5k-1mile-walk-run\\\/\",\"name\":\"Adelante! 5K-1Mile Walk-Run - Harlingen, TX - nlaad.org\",\"isPartOf\":{\"@id\":\"https:\\\/\\\/nlaad.org\\\/#website\"},\"primaryImageOfPage\":{\"@id\":\"https:\\\/\\\/nlaad.org\\\/event\\\/adelante-5k-1mile-walk-run\\\/#primaryimage\"},\"image\":{\"@id\":\"https:\\\/\\\/nlaad.org\\\/event\\\/adelante-5k-1mile-walk-run\\\/#primaryimage\"},\"thumbnailUrl\":\"https:\\\/\\\/nlaad.org\\\/wp-content\\\/uploads\\\/2017\\\/10\\\/event-adelante-harlingen-2017.jpg\",\"datePublished\":\"2017-10-05T20:23:38+00:00\",\"dateModified\":\"2017-10-05T20:25:42+00:00\",\"breadcrumb\":{\"@id\":\"https:\\\/\\\/nlaad.org\\\/event\\\/adelante-5k-1mile-walk-run\\\/#breadcrumb\"},\"inLanguage\":\"es-ES\",\"potentialAction\":[{\"@type\":\"ReadAction\",\"target\":[\"https:\\\/\\\/nlaad.org\\\/event\\\/adelante-5k-1mile-walk-run\\\/\"]}]},{\"@type\":\"ImageObject\",\"inLanguage\":\"es-ES\",\"@id\":\"https:\\\/\\\/nlaad.org\\\/event\\\/adelante-5k-1mile-walk-run\\\/#primaryimage\",\"url\":\"https:\\\/\\\/nlaad.org\\\/wp-content\\\/uploads\\\/2017\\\/10\\\/event-adelante-harlingen-2017.jpg\",\"contentUrl\":\"https:\\\/\\\/nlaad.org\\\/wp-content\\\/uploads\\\/2017\\\/10\\\/event-adelante-harlingen-2017.jpg\",\"width\":580,\"height\":420,\"caption\":\"Valley AIDS Council honoring National Latino AIDS Awareness Day\"},{\"@type\":\"BreadcrumbList\",\"@id\":\"https:\\\/\\\/nlaad.org\\\/event\\\/adelante-5k-1mile-walk-run\\\/#breadcrumb\",\"itemListElement\":[{\"@type\":\"ListItem\",\"position\":1,\"name\":\"Home\",\"item\":\"https:\\\/\\\/nlaad.org\\\/es\\\/\"},{\"@type\":\"ListItem\",\"position\":2,\"name\":\"Events\",\"item\":\"https:\\\/\\\/nlaad.org\\\/events\\\/\"},{\"@type\":\"ListItem\",\"position\":3,\"name\":\"Adelante! 5K-1Mile Walk-Run &#8211; Harlingen, TX\"}]},{\"@type\":\"WebSite\",\"@id\":\"https:\\\/\\\/nlaad.org\\\/#website\",\"url\":\"https:\\\/\\\/nlaad.org\\\/\",\"name\":\"nlaad.org\",\"description\":\"National Latino AIDS Awareness Day\",\"publisher\":{\"@id\":\"https:\\\/\\\/nlaad.org\\\/#organization\"},\"potentialAction\":[{\"@type\":\"SearchAction\",\"target\":{\"@type\":\"EntryPoint\",\"urlTemplate\":\"https:\\\/\\\/nlaad.org\\\/?s={search_term_string}\"},\"query-input\":{\"@type\":\"PropertyValueSpecification\",\"valueRequired\":true,\"valueName\":\"search_term_string\"}}],\"inLanguage\":\"es-ES\"},{\"@type\":\"Organization\",\"@id\":\"https:\\\/\\\/nlaad.org\\\/#organization\",\"name\":\"Latino Commission on AIDS\",\"url\":\"https:\\\/\\\/nlaad.org\\\/\",\"logo\":{\"@type\":\"ImageObject\",\"inLanguage\":\"es-ES\",\"@id\":\"https:\\\/\\\/nlaad.org\\\/#\\\/schema\\\/logo\\\/image\\\/\",\"url\":\"https:\\\/\\\/nlaad.org\\\/wp-content\\\/uploads\\\/2024\\\/01\\\/commission-logo.png\",\"contentUrl\":\"https:\\\/\\\/nlaad.org\\\/wp-content\\\/uploads\\\/2024\\\/01\\\/commission-logo.png\",\"width\":218,\"height\":114,\"caption\":\"Latino Commission on AIDS\"},\"image\":{\"@id\":\"https:\\\/\\\/nlaad.org\\\/#\\\/schema\\\/logo\\\/image\\\/\"},\"sameAs\":[\"https:\\\/\\\/www.facebook.com\\\/LatinoCommissionOnAids\\\/\",\"https:\\\/\\\/x.com\\\/latinocommaids\",\"https:\\\/\\\/www.instagram.com\\\/latinocommaids\\\/\",\"https:\\\/\\\/www.youtube.com\\\/channel\\\/UC2k0W8WkRot9Ds5iYEkpd3w\"]}]}<\/script>\n<!-- \/ Yoast SEO plugin. -->","yoast_head_json":{"title":"Adelante! 5K-1Mile Walk-Run - Harlingen, TX - nlaad.org","robots":{"index":"index","follow":"follow","max-snippet":"max-snippet:-1","max-image-preview":"max-image-preview:large","max-video-preview":"max-video-preview:-1"},"canonical":"https:\/\/nlaad.org\/event\/adelante-5k-1mile-walk-run\/","og_locale":"es_ES","og_type":"article","og_title":"Adelante! 5K-1Mile Walk-Run - Harlingen, TX - nlaad.org","og_description":"Caminata\/Marat\u00f3n de 5K &#8211; 1 Milla a beneficio de Valley AIDS Council y en honor del D\u00eda Nacional Latino para la Concientizaci\u00f3n del SIDA. Cada milla corrida signifca dinero colectado...","og_url":"https:\/\/nlaad.org\/event\/adelante-5k-1mile-walk-run\/","og_site_name":"nlaad.org","article_publisher":"https:\/\/www.facebook.com\/LatinoCommissionOnAids\/","article_modified_time":"2017-10-05T20:25:42+00:00","og_image":[{"width":580,"height":420,"url":"https:\/\/nlaad.org\/wp-content\/uploads\/2017\/10\/event-adelante-harlingen-2017.jpg","type":"image\/jpeg"}],"twitter_card":"summary_large_image","twitter_site":"@latinocommaids","schema":{"@context":"https:\/\/schema.org","@graph":[{"@type":"WebPage","@id":"https:\/\/nlaad.org\/event\/adelante-5k-1mile-walk-run\/","url":"https:\/\/nlaad.org\/event\/adelante-5k-1mile-walk-run\/","name":"Adelante! 5K-1Mile Walk-Run - Harlingen, TX - nlaad.org","isPartOf":{"@id":"https:\/\/nlaad.org\/#website"},"primaryImageOfPage":{"@id":"https:\/\/nlaad.org\/event\/adelante-5k-1mile-walk-run\/#primaryimage"},"image":{"@id":"https:\/\/nlaad.org\/event\/adelante-5k-1mile-walk-run\/#primaryimage"},"thumbnailUrl":"https:\/\/nlaad.org\/wp-content\/uploads\/2017\/10\/event-adelante-harlingen-2017.jpg","datePublished":"2017-10-05T20:23:38+00:00","dateModified":"2017-10-05T20:25:42+00:00","breadcrumb":{"@id":"https:\/\/nlaad.org\/event\/adelante-5k-1mile-walk-run\/#breadcrumb"},"inLanguage":"es-ES","potentialAction":[{"@type":"ReadAction","target":["https:\/\/nlaad.org\/event\/adelante-5k-1mile-walk-run\/"]}]},{"@type":"ImageObject","inLanguage":"es-ES","@id":"https:\/\/nlaad.org\/event\/adelante-5k-1mile-walk-run\/#primaryimage","url":"https:\/\/nlaad.org\/wp-content\/uploads\/2017\/10\/event-adelante-harlingen-2017.jpg","contentUrl":"https:\/\/nlaad.org\/wp-content\/uploads\/2017\/10\/event-adelante-harlingen-2017.jpg","width":580,"height":420,"caption":"Valley AIDS Council honoring National Latino AIDS Awareness Day"},{"@type":"BreadcrumbList","@id":"https:\/\/nlaad.org\/event\/adelante-5k-1mile-walk-run\/#breadcrumb","itemListElement":[{"@type":"ListItem","position":1,"name":"Home","item":"https:\/\/nlaad.org\/es\/"},{"@type":"ListItem","position":2,"name":"Events","item":"https:\/\/nlaad.org\/events\/"},{"@type":"ListItem","position":3,"name":"Adelante! 5K-1Mile Walk-Run &#8211; Harlingen, TX"}]},{"@type":"WebSite","@id":"https:\/\/nlaad.org\/#website","url":"https:\/\/nlaad.org\/","name":"nlaad.org","description":"National Latino AIDS Awareness Day","publisher":{"@id":"https:\/\/nlaad.org\/#organization"},"potentialAction":[{"@type":"SearchAction","target":{"@type":"EntryPoint","urlTemplate":"https:\/\/nlaad.org\/?s={search_term_string}"},"query-input":{"@type":"PropertyValueSpecification","valueRequired":true,"valueName":"search_term_string"}}],"inLanguage":"es-ES"},{"@type":"Organization","@id":"https:\/\/nlaad.org\/#organization","name":"Latino Commission on AIDS","url":"https:\/\/nlaad.org\/","logo":{"@type":"ImageObject","inLanguage":"es-ES","@id":"https:\/\/nlaad.org\/#\/schema\/logo\/image\/","url":"https:\/\/nlaad.org\/wp-content\/uploads\/2024\/01\/commission-logo.png","contentUrl":"https:\/\/nlaad.org\/wp-content\/uploads\/2024\/01\/commission-logo.png","width":218,"height":114,"caption":"Latino Commission on AIDS"},"image":{"@id":"https:\/\/nlaad.org\/#\/schema\/logo\/image\/"},"sameAs":["https:\/\/www.facebook.com\/LatinoCommissionOnAids\/","https:\/\/x.com\/latinocommaids","https:\/\/www.instagram.com\/latinocommaids\/","https:\/\/www.youtube.com\/channel\/UC2k0W8WkRot9Ds5iYEkpd3w"]}]}},"_links":{"self":[{"href":"https:\/\/nlaad.org\/es\/wp-json\/wp\/v2\/tribe_events\/7375","targetHints":{"allow":["GET"]}}],"collection":[{"href":"https:\/\/nlaad.org\/es\/wp-json\/wp\/v2\/tribe_events"}],"about":[{"href":"https:\/\/nlaad.org\/es\/wp-json\/wp\/v2\/types\/tribe_events"}],"author":[{"embeddable":true,"href":"https:\/\/nlaad.org\/es\/wp-json\/wp\/v2\/users\/1"}],"version-history":[{"count":1,"href":"https:\/\/nlaad.org\/es\/wp-json\/wp\/v2\/tribe_events\/7375\/revisions"}],"predecessor-version":[{"id":7376,"href":"https:\/\/nlaad.org\/es\/wp-json\/wp\/v2\/tribe_events\/7375\/revisions\/7376"}],"wp:featuredmedia":[{"embeddable":true,"href":"https:\/\/nlaad.org\/es\/wp-json\/wp\/v2\/media\/7367"}],"wp:attachment":[{"href":"https:\/\/nlaad.org\/es\/wp-json\/wp\/v2\/media?parent=7375"}],"wp:term":[{"taxonomy":"post_tag","embeddable":true,"href":"https:\/\/nlaad.org\/es\/wp-json\/wp\/v2\/tags?post=7375"},{"taxonomy":"tribe_events_cat","embeddable":true,"href":"https:\/\/nlaad.org\/es\/wp-json\/wp\/v2\/tribe_events_cat?post=7375"}],"curies":[{"name":"wp","href":"https:\/\/api.w.org\/{rel}","templated":true}]}}

<style type="text/css"></style><p>Caminata/Maratón de 5K &#8211; 1 Milla a beneficio de Valley AIDS Council y en honor del Día Nacional Latino para la Concientización del SIDA. Cada milla corrida signifca dinero colectado para ayudar a prevenir la infección de VIH en el Rio Grande Valley. Para mayor información llamar al (956) 466-8487. Registración en linea en valleyaids.org. Registración en persona en Footworks.</p>

<p>Caminata/Maratón de 5K &#8211; 1 Milla a beneficio de Valley AIDS Council y en honor del Día Nacional Latino para la Concientización del SIDA. Cada milla corrida signifca dinero colectado&#8230;</p>

<!-- This site is optimized with the Yoast SEO plugin v27.3 - https://yoast.com/product/yoast-seo-wordpress/ -->
<title>Adelante! 5K-1Mile Walk-Run - Harlingen, TX - nlaad.org</title>
<meta name="robots" content="index, follow, max-snippet:-1, max-image-preview:large, max-video-preview:-1" />
<link rel="canonical" href="https://nlaad.org/event/adelante-5k-1mile-walk-run/" />
<meta property="og:locale" content="es_ES" />
<meta property="og:type" content="article" />
<meta property="og:title" content="Adelante! 5K-1Mile Walk-Run - Harlingen, TX - nlaad.org" />
<meta property="og:description" content="Caminata/Maratón de 5K &#8211; 1 Milla a beneficio de Valley AIDS Council y en honor del Día Nacional Latino para la Concientización del SIDA. Cada milla corrida signifca dinero colectado..." />
<meta property="og:url" content="https://nlaad.org/event/adelante-5k-1mile-walk-run/" />
<meta property="og:site_name" content="nlaad.org" />
<meta property="article:publisher" content="https://www.facebook.com/LatinoCommissionOnAids/" />
<meta property="article:modified_time" content="2017-10-05T20:25:42+00:00" />
<meta property="og:image" content="https://nlaad.org/wp-content/uploads/2017/10/event-adelante-harlingen-2017.jpg" />
	<meta property="og:image:width" content="580" />
	<meta property="og:image:height" content="420" />
	<meta property="og:image:type" content="image/jpeg" />
<meta name="twitter:card" content="summary_large_image" />
<meta name="twitter:site" content="@latinocommaids" />
<script type="application/ld+json" class="yoast-schema-graph">{"@context":"https:\/\/schema.org","@graph":[{"@type":"WebPage","@id":"https:\/\/nlaad.org\/event\/adelante-5k-1mile-walk-run\/","url":"https:\/\/nlaad.org\/event\/adelante-5k-1mile-walk-run\/","name":"Adelante! 5K-1Mile Walk-Run - Harlingen, TX - nlaad.org","isPartOf":{"@id":"https:\/\/nlaad.org\/#website"},"primaryImageOfPage":{"@id":"https:\/\/nlaad.org\/event\/adelante-5k-1mile-walk-run\/#primaryimage"},"image":{"@id":"https:\/\/nlaad.org\/event\/adelante-5k-1mile-walk-run\/#primaryimage"},"thumbnailUrl":"https:\/\/nlaad.org\/wp-content\/uploads\/2017\/10\/event-adelante-harlingen-2017.jpg","datePublished":"2017-10-05T20:23:38+00:00","dateModified":"2017-10-05T20:25:42+00:00","breadcrumb":{"@id":"https:\/\/nlaad.org\/event\/adelante-5k-1mile-walk-run\/#breadcrumb"},"inLanguage":"es-ES","potentialAction":[{"@type":"ReadAction","target":["https:\/\/nlaad.org\/event\/adelante-5k-1mile-walk-run\/"]}]},{"@type":"ImageObject","inLanguage":"es-ES","@id":"https:\/\/nlaad.org\/event\/adelante-5k-1mile-walk-run\/#primaryimage","url":"https:\/\/nlaad.org\/wp-content\/uploads\/2017\/10\/event-adelante-harlingen-2017.jpg","contentUrl":"https:\/\/nlaad.org\/wp-content\/uploads\/2017\/10\/event-adelante-harlingen-2017.jpg","width":580,"height":420,"caption":"Valley AIDS Council honoring National Latino AIDS Awareness Day"},{"@type":"BreadcrumbList","@id":"https:\/\/nlaad.org\/event\/adelante-5k-1mile-walk-run\/#breadcrumb","itemListElement":[{"@type":"ListItem","position":1,"name":"Home","item":"https:\/\/nlaad.org\/es\/"},{"@type":"ListItem","position":2,"name":"Events","item":"https:\/\/nlaad.org\/events\/"},{"@type":"ListItem","position":3,"name":"Adelante! 5K-1Mile Walk-Run &#8211; Harlingen, TX"}]},{"@type":"WebSite","@id":"https:\/\/nlaad.org\/#website","url":"https:\/\/nlaad.org\/","name":"nlaad.org","description":"National Latino AIDS Awareness Day","publisher":{"@id":"https:\/\/nlaad.org\/#organization"},"potentialAction":[{"@type":"SearchAction","target":{"@type":"EntryPoint","urlTemplate":"https:\/\/nlaad.org\/?s={search_term_string}"},"query-input":{"@type":"PropertyValueSpecification","valueRequired":true,"valueName":"search_term_string"}}],"inLanguage":"es-ES"},{"@type":"Organization","@id":"https:\/\/nlaad.org\/#organization","name":"Latino Commission on AIDS","url":"https:\/\/nlaad.org\/","logo":{"@type":"ImageObject","inLanguage":"es-ES","@id":"https:\/\/nlaad.org\/#\/schema\/logo\/image\/","url":"https:\/\/nlaad.org\/wp-content\/uploads\/2024\/01\/commission-logo.png","contentUrl":"https:\/\/nlaad.org\/wp-content\/uploads\/2024\/01\/commission-logo.png","width":218,"height":114,"caption":"Latino Commission on AIDS"},"image":{"@id":"https:\/\/nlaad.org\/#\/schema\/logo\/image\/"},"sameAs":["https:\/\/www.facebook.com\/LatinoCommissionOnAids\/","https:\/\/x.com\/latinocommaids","https:\/\/www.instagram.com\/latinocommaids\/","https:\/\/www.youtube.com\/channel\/UC2k0W8WkRot9Ds5iYEkpd3w"]}]}</script>
<!-- / Yoast SEO plugin. -->

Caminata/Maratón de 5K &#8211; 1 Milla a beneficio de Valley AIDS Council y en honor del Día Nacional Latino para la Concientización del SIDA. Cada milla corrida signifca dinero colectado...
